Give m(79).
94
Let w(l) = 121144*l - 4482326. What is w(37)?
2
Let m(d) = -d**2 + 29795*d + 506794. Give m(-17).
-10
Let r(s) = -20*s**2 - 1151*s + 1745. What is r(-59)?
34
Let l(a) = a**3 + 44*a**2 - 147*a + 803. Give l(-47).
1085
Let r(x) = 2*x**3 + 18*x**2 - 503*x - 36. What is r(-21)?
-57
Let b(p) = -p**3 - p**2 + 3*p - 72. Calculate b(-5).
13
Let b(y) = -y**3 + 39*y**2 + 34*y - 1296. Calculate b(39).
30
Let x(u) = -66*u + 611. What is x(-23)?
2129
Let q(b) = -1177*b - 34887. Determine q(-32).
2777
Let q(x) = -3*x**2 - 120218*x - 8520348. What is q(-71)?
7
Let p(s) = 11*s**2 - 511*s + 3419. Determine p(7).
381
Let z(w) = 476*w**2 - 69499*w + 309. Determine z(146).
-129
Let z(s) = s**3 - 23*s**2 - 4281*s + 138. What is z(-55)?
-357
Let z(j) = -161*j**2 - 939*j + 150. What is z(-6)?
-12
Let y(u) = -19*u**2 - 980*u - 510. Calculate y(-51).
51
Let d(g) = g**3 - 88*g**2 + 320*g + 6. What is d(4)?
-58
Let k(p) = 15764*p - 3200089. What is k(203)?
3
Let x(f) = 211*f**3 - 7*f**2 - 69*f - 110. Give x(-2).
-1688
Let c(v) = -13*v**2 - 896*v + 4474. Calculate c(5).
-331
Let x(t) = 6257*t + 244071. What is x(-39)?
48
Let r(i) = -4*i**3 + 21*i**2 + 101*i - 87. Calculate r(8).
17
Let l(n) = -5*n**3 + 284*n**2 + 2095*n - 116178. What is l(57)?
-12
Let l(d) = -d**2 + 28*d + 39. What is l(41)?
-494
Let h(s) = 864*s**3 - 6916*s**2 + 33*s - 20. Determine h(8).
-12
Let h(f) = -2*f**3 + 30*f**2 - 78*f + 1049. Determine h(14).
349
Let a(b) = 4*b**3 - 8*b**2 + 838*b - 3483. Calculate a(4).
-3
Let k(w) = 422*w**2 + 101272*w - 1915. What is k(-240)?
5
Let g(v) = -49*v**2 + 999*v - 1000. Give g(1).
-50
Let q(b) = -50*b**2 + 8559*b - 3290. What is q(171)?
-1751
Let d(r) = 37759*r + 4266773. Calculate d(-113).
6
Let g(i) = -145*i + 9037. Calculate g(60).
337
Let g(o) = -1168178*o + 10. Determine g(0).
10
Let m(k) = 501*k**2 - 20570*k + 1184. Determine m(41).
-5
Let a(x) = -54*x**2 + 6571*x - 12932. What is a(2)?
-6
Let c(h) = -24818*h + 1166465. Determine c(47).
19
Let r(o) = -o**3 + 48*o**2 - 52*o - 446. What is r(47)?
-681
Let h(t) = -t**3 + 176*t**2 - 7612*t - 865. Calculate h(77).
-18
Let k(w) = -w**3 + 11*w**2 + 75*w - 591. Give k(8).
201
Let i(z) = 7*z**3 - 776*z**2 - 111*z - 404. Calculate i(111).
-404
Let x(u) = -u**3 - 136*u**2 - 3030*u - 234. Determine x(-108).
414
Let v(m) = 19*m**2 + 1243*m - 634. Determine v(-66).
92
Let d(l) = -2*l**3 + 113*l**2 - 26*l + 165. Determine d(56).
1845
Let b(r) = -7*r**3 + 39*r**2 + 13*r - 113. Calculate b(6).
-143
Let g(l) = -1943*l - 324435. Determine g(-167).
46
Let u(r) = -r**2 + 55*r - 14. Give u(-31).
-2680
Let l(q) = -1000*q + 37908. What is l(38)?
-92
Let h(l) = -184*l - 14031. Give h(-76).
-47
Let m(z) = -z**3 + 399*z**2 + 1199*z + 2833. What is m(402)?
19
Let j(c) = -42*c**2 - 1221*c - 49. Give j(-29).
38
Let p(t) = 155*t**2 - 142*t - 144. Calculate p(-1).
153
Let q(s) = -s**3 - 92*s**2 - 1675*s + 369. Calculate q(-26).
-697
Let t(v) = -16*v**2 - 1178*v - 8054. Give t(-66).
-2
Let o(h) = -3*h**3 - 32*h**2 + 2868*h - 175. What is o(26)?
33
Let w(z) = -z**2 - 210*z + 28412. Give w(94).
-164
Let n(o) = o**3 - 218*o**2 + 161*o + 12144. What is n(217)?
-8
Let j(x) = -6078*x + 4041865. Calculate j(665).
-5
Let p(q) = -q**3 + 72*q**2 + 4465*q - 575. Calculate p(-40).
25
Let r(d) = d**3 - 28*d**2 + 103*d + 179. Determine r(7).
-129
Let s(x) = -x**3 + 4*x**2 - 66251*x - 331487. What is s(-5)?
-7
Let k(l) = 2*l**2 + 5230*l - 126671. What is k(24)?
1
Let v(r) = 163*r**2 + 151*r + 152. Determine v(-1).
164
Let x(c) = -921*c**2 - 9225*c + 13. Give x(-10).
163
Let t(f) = 4*f**3 + 40*f**2 - 101*f + 21. What is t(-12)?
81
Let w(u) = -u**2 + 97*u + 23410. What is w(-112)?
2
Let l(o) = 35*o**3 + 1714*o**2 + 262*o + 15245. What is l(-49)?
6
Let g(a) = -14*a**2 + 1035*a - 2788. Give g(74).
-2862
Let h(u) = -u**3 - 9*u**2 + 3*u + 20. What is h(-13)?
657
Let i(j) = -925*j - 27706. Determine i(-30).
44
Let l(v) = -v**3 - 32*v**2 + 15251*v + 459341. What is l(-30)?
11
Let x(o) = -65*o**2 + 21603*o - 7630. Determine x(332).
6
Let w(b) = -4*b**2 + 575*b + 3621. Calculate w(-6).
27
Let r(c) = 1523*c + 47214. What is r(-31)?
1
Let f(l) = -l**3 - 125*l**2 - 777*l - 21234. What is f(-120)?
6
Let l(s) = -15*s**2 + 75*s + 78. What is l(6)?
-12
Let x(j) = -113099*j - 452301. Determine x(-4).
95
Let k(t) = 1010*t**2 - 47469*t - 22. Determine k(47).
25
Let r(p) = 4471*p - 22489. Give r(5).
-134
Let g(j) = 249703*j - 749121. Give g(3).
-12
Let o(j) = -8*j**2 - 635*j + 780. Give o(-79).
1017
Let q(k) = -292*k - 1272. What is q(3)?
-2148
Let r(w) = -6951*w + 27763. Give r(4).
-41
Let d(z) = -290*z + 97170. What is d(346)?
-3170
Let u(w) = 3*w**3 - 29*w**2 + 1148*w - 10242. Determine u(9).
-72
Let u(w) = -23569*w + 1107745. Calculate u(47).
2
Let l(h) = 2*h**3 - 52*h**2 - 12355*h + 332037. What is l(27)?
-90
Let o(b) = 61*b**2 + 268*b + 829. Give o(-3).
574
Let j(c) = -50*c**2 - 19*c + 90. Calculate j(0).
90
Let g(k) = -k**3 + 11*k**2 + 7*k - 199. Determine g(9).
26
Let h(x) = -2*x**3 + 772*x**2 - 2339*x + 15699. What is h(383)?
-4
Let y(g) = 3*g**2 + 1092*g + 5565. Determine y(-360).
1245
Let w(n) = -5314*n + 276312. Calculate w(52).
-16
Let n(g) = 11186*g + 212628. Give n(-19).
94
Let z(g) = 6319*g - 290672. Determine z(46).
2
Let c(o) = -4*o**2 - 2078*o - 20666. Calculate c(-10).
-286
Let z(k) = k**2 - 4059*k - 85584. What is z(-21)?
96
Let l(o) = o**2 - 53339*o - 1280740. What is l(-24)?
-28
Let q(d) = -23578*d + 943116. Calculate q(40).
-4
Let a(d) = -559*d - 8480. Give a(-15).
-95
Let n(a) = -a**3 - 3*a**2 - 3824*a - 39069. Give n(-10).
-129
Let h(c) = c**3 - 96*c**2 + 124*c - 2373. Calculate h(95).
382
Let m(p) = -7*p**3 + 61*p**2 - 110*p + 61. Determine m(10).
-1939
Let x(d) = d**2 - 99*d - 1615. Give x(-15).
95
Let j(c) = 6*c**3 - 45*c**2 + 9*c - 68. Give j(11).
2572
Let b(o) = 7*o**2 - 2069*o + 75393. What is b(253)?
-1
Let x(a) = a**2 - 509*a + 39582. What is x(98)?
-696
Let u(f) = 3*f**2 + 727*f - 18891. Determine u(-266).
-5
Let q(p) = 11*p - 578. Give q(101).
533
Let q(h) = -h**2 + 161*h - 8900. Determine q(94).
-2602
Let f(s) = -394047*s + 6698804. Determine f(17).
5
Let u(a) = -2*a**2 + 38859*a + 155447. Give u(-4).
-21
Let n(b) = -8*b**2 + 236*b + 2832. Determine n(37).
612
Let l(t) = -18328*t - 458196. Calculate l(-25).
4
Let v(b) = b**3 + 4*b**2 - 227*b + 419. Determine v(-18).
-31
Let h(j) = j**2 + 332*j + 8720. Give h(-28).
208
Let c(i) = 2*i**2 + 75*i + 544. What is c(-19)?
-159
Let c(n) = -n**3 - 21*n**2 - 121*n - 2036. What is c(-20)?
-16
Let o(g) = 180338*g + 3967431. Determine o(-22).
-5
Let o(z) = -136*z + 786. What is o(6)?
-30
Let u(d) = 4*d**2 + 36*d - 391. Calculate u(11).
489
Let f(n) = -n**3 + 3*n**2 + 115*n + 1551. Determine f(16).
63
Let y(r) = 85*r**2 - 26095*r + 3. Calculate y(307).
3
Let a(v) = 2*v**3 - 66*v**2 + 53*v - 795. Give a(32).
-1147
Let m(v) = 6*v**2 + 169*v - 48. What is m(-26)?
-386
Let s(g) = 2*g**3 - 14*g**2 + 5128*g - 41127. Determine s(8).
25
Let g(c) = c**2 - 642845*c + 7071182. Give g(11).
8
Let a(f) = -3109*f - 9196. Calculate a(-3).
131
Let s(y) = y**3 + 891*y**2 - 13613*y + 16. Give s(15).
-329
Let j(l) = 92532*l - 277604. Calculate j(3).
-8
Let y(i) = -146*i**2 - 2201*i + 2351. Determine y(1).
4
Let s(f) = -27968*f + 139838. Determine s(5).
-2
Let b(l) = l**3 - 49*l**2 + 159*l + 1163. Give b(45).
218
Let x(n) = -7*n**2 + 2132*n - 2887. Determine x(304).
-1671
Let v(d) = d**2 - 233*d - 174347. Calculate v(-317).
3
Let n(b) = 97*b**2 + 467*b - 174. Give n(-6).
516
Let a(f) = -408*f - 1428. What is a(-3)?
-204
Let w(l) = -3320*l + 99745. Determine w(30).
145
Let x(s) = -s**3 - 42*s**2 - 111*s + 940. Determine x(-39).
706
Let t(a) = -2*a**2 + 387*a - 15678. What is t(58)?
40
Let k(n) = 40322*n + 190. Give k(0).
190
Let h(z) = 5510*z + 3250902. Calculate h(-590).
2
Let g(l) = -3475*l + 514305. What is g(148)?
5
Let n(b) = 2468*b + 140682. Give n(-57).
6
Let k(x) = -6*x**3 + 29*x**2 + x - 124. Give k(4).
-40
Let s(w) = -103*w**2 - 2369*w + 234. Calculate s(-23).
234
Let w(h) = -4989721*h - 4989733. Give w(-1).
-12
Let j(z) = -2*z**3 + 746*z**2 - 5839*z - 6. What is j(8)?
2
Let t(k) = -13*k**2 - 12397*k + 1511568. Calculate t(-1063).
-18
Let g(z) = -212*z**2 + 4024*z + 28. Determine g(19).
-48
Let